est common factor of 93 and 578767458?
93
Calculate the highest common factor of 1405476 and 24.
12
What is the highest common divisor of 624 and 55541616?
624
What is the highest common factor of 57827226 and 4662?
222
What is the greatest common factor of 54458 and 277139?
373
What is the highest common factor of 24 and 36584724?
12
Calculate the highest common divisor of 84589212 and 612.
204
What is the greatest common divisor of 28441084 and 3920?
28
Calculate the greatest common divisor of 35588 and 11366894.
434
Calculate the greatest common divisor of 93071 and 13651.
11
Calculate the greatest common divisor of 670092 and 37088.
76
Calculate the greatest common divisor of 700768 and 36977.
359
What is the greatest common divisor of 64028700 and 3600?
900
Calculate the highest common factor of 25603485 and 5170.
235
What is the highest common divisor of 3688 and 198687773?
461
What is the highest common factor of 1900 and 2909470?
190
Calculate the highest common divisor of 3004425 and 56700.
675
Calculate the greatest common factor of 1152811818 and 62.
62
Calculate the highest common divisor of 11193975 and 195.
195
What is the greatest common divisor of 1207 and 4914477929?
1207
What is the highest common divisor of 39 and 20152509?
39
What is the greatest common divisor of 17632 and 825768272?
8816
Calculate the greatest common factor of 26631453 and 4503.
237
What is the highest common divisor of 26462482 and 7366?
254
Calculate the greatest common factor of 144 and 2294550.
18
Calculate the greatest common divisor of 873780 and 1470.
30
Calculate the highest common factor of 93 and 16582365.
93
What is the greatest common divisor of 3897446 and 23380?
2338
Calculate the highest common factor of 1018067 and 94.
47
Calculate the greatest common factor of 16048 and 893024.
944
What is the greatest common divisor of 1577230 and 7194?
218
What is the highest common factor of 25245091 and 76?
19
What is the highest common factor of 2015 and 230555?
65
What is the greatest common factor of 564832 and 20672?
608
What is the greatest common factor of 276610971 and 7?
7
What is the highest common divisor of 59891192 and 6774?
2258
Calculate the highest common factor of 11413 and 1137866.
101
Calculate the greatest common divisor of 2868 and 2364.
12
What is the greatest common factor of 36 and 11761452?
36
What is the highest common divisor of 2366312 and 52338?
1586
Calculate the greatest common factor of 3069 and 69415731.
99
What is the highest common factor of 61 and 1226627894?
61
What is the greatest common factor of 1122940 and 2?
2
What is the greatest common factor of 770715 and 2651?
11
What is the highest common divisor of 5734432 and 1120?
32
Calculate the greatest common factor of 6828021 and 522.
261
What is the highest common factor of 84169474 and 164?
82
Calculate the highest common factor of 140 and 18053455.
35
Calculate the greatest common divisor of 192456 and 18914544.
792
What is the greatest common factor of 17 and 1256579361?
17
What is the highest common factor of 29171 and 8308?
31
What is the greatest common divisor of 256559 and 5242405?
1483
What is the highest common factor of 1008358 and 2054?
26
Calculate the highest common factor of 438022564 and 392.
196
Calculate the greatest common factor of 326 and 15404967.
163
Calculate the highest common factor of 5228 and 186519356.
5228
Calculate the highest common divisor of 1296630 and 135.
45
What is the greatest common factor of 5725 and 2401065?
1145
Calculate the highest common factor of 115 and 283639427.
23
What is the highest common divisor of 247 and 35744852?
247
What is the greatest common divisor of 797700 and 600?
300
What is the greatest common factor of 14314426 and 97314?
4634
What is the highest common factor of 46331 and 16157?
107
What is the highest common divisor of 1248 and 64038?
78
What is the greatest common factor of 27606370 and 88?
22
What is the highest common divisor of 3690 and 2445435?
45
What is the greatest common factor of 2658 and 2712489?
1329
Calculate the highest common factor of 2609047 and 63.
7
Calculate the greatest common divisor of 8770597 and 2937.
11
What is the greatest common divisor of 176 and 1012504?
8
What is the highest common factor of 7011837 and 45?
9
What is the greatest common divisor of 6310395 and 27872?
871
What is the greatest common divisor of 97317 and 101277?
99
Calculate the greatest common factor of 1117 and 5170035617.
1117
What is the highest common divisor of 117741875 and 46500?
3875
Calculate the highest common divisor of 1240 and 16949880.
40
Calculate the highest common factor of 3551922 and 88.
22
What is the greatest common divisor of 165 and 15175435?
55
What is the highest common divisor of 885334 and 2957708?
4946
Calculate the greatest common factor of 87680502 and 49.
49
What is the greatest common factor of 12160 and 2285700?
380
What is the greatest common divisor of 1920 and 1894980?
60
Calculate the highest common factor of 69615 and 3654105.
1365
What is the greatest common divisor of 8891660 and 473932?
4348
What is the highest common factor of 7002 and 95382?
18
Calculate the highest common divisor of 192 and 20397456.
48
Calculate the greatest common factor of 3594622 and 35975.
1439
What is the greatest common factor of 6214 and 52754?
26
Calculate the highest common factor of 70713 and 68579.
97
Calculate the highest common factor of 54 and 1171.
1
What is the highest common factor of 496 and 1293648?
16
What is the highest common divisor of 15822 and 1829439?
27
What is the highest common factor of 521333 and 493?
29
What is the greatest common factor of 737282 and 21?
7
What is the highest common divisor of 29212272 and 12920?
152
What is the highest common factor of 2296403046 and 18?
18
What is the highest common divisor of 561234 and 205234?
178
Calculate the highest common divisor of 31520905 and 28405.
1235
Calculate the highest common divisor of 1069134 and 79196911.
16199
Calculate the highest common factor of 99572 and 40004.
292
What is the greatest common factor of 3035220 and 1440?
60
Calculate the highest common divisor of 838690 and 55910.
10
What is the greatest common factor of 25 and 6914181475?
25
Calculate the greatest common factor of 866565412 and 2924.
2924
What is the greatest common factor of 45 and 1437471?
9
What is the greatest common divisor of 9011577 and 42?
3
Calculate the greatest common divisor of 32 and 1643233696.
32
Calculate the greatest common factor of 87464 and 6461.
13
What is the greatest common divisor of 2044146 and 2774?
146
Calculate the greatest common divisor of 27253977 and 1374.
687
What is the highest common divisor of 4450905 and 1566?
9
What is the highest common divisor of 211347090 and 6444?
3222
What is the greatest common factor of 106060247 and 141?
47
Calculate the greatest common factor of 9914086 and 2562.
854
Calculate the greatest common factor of 6650 and 19684.
266
Calculate the greatest common divisor of 1908520 and 6360.
40
Calculate the greatest common divisor of 936 and 90515256.
312
Calculate the greatest common divisor of 3843 and 4747995.
63
What is the greatest common divisor of 212 and 5731367?
53
What is the highest common divisor of 180 and 24736940?
20
Calculate the greatest common divisor of 1065 and 1446555.
15
Calculate the greatest common factor of 36415 and 4135.
5
Calculate the greatest common divisor of 381 and 163297616.
127
What is the greatest common divisor of 496 and 6789152?
16
What is the highest common divisor of 510 and 368628?
102
Calculate the highest common divisor of 351354 and 6138.
186
What is the greatest common factor of 1210580 and 14560?
140
What is the highest common factor of 1864352 and 8624?
784
What is the greatest common factor of 510 and 161488610?
170
What is the greatest common divisor of 4585 and 56840?
35
What is the highest common factor of 44082668 and 3654?
406
What is the highest common factor of 152 and 3428645?
19
What is the greatest common factor of 8280 and 7557777?
207
What is the greatest common factor of 394907012 and 172?
172
What is the highest common factor of 2074730 and 326860?
2770
What is the greatest common divisor of 7441995 and 795?
7